 of 65?
True
Is 420 a multiple of 6?
True
Is 937 a multiple of 45?
False
Does 7 divide 609?
True
Does 6 divide 4229?
False
Is 3224 a multiple of 62?
True
Does 7 divide 6874?
True
Does 2 divide 32?
True
Is 8 a factor of 113096?
True
Does 53 divide 4158?
False
Is 34 a factor of 39757?
False
Is 757 a multiple of 6?
False
Does 10 divide 3280?
True
Does 66 divide 462?
True
Is 18 a factor of 486?
True
Does 142 divide 9135?
False
Does 3 divide 1810?
False
Does 46 divide 506?
True
Does 10 divide 58299?
False
Is 1596 a multiple of 14?
True
Does 53 divide 6373?
False
Is 22 a factor of 364?
False
Does 16 divide 3112?
False
Is 8 a factor of 8174?
False
Is 3147 a multiple of 49?
False
Is 1365 even?
False
Is 9 a factor of 261?
True
Does 3 divide 664?
False
Is 51342 a multiple of 25?
False
Does 20 divide 2420?
True
Is 7 a factor of 1211?
True
Is 155 a multiple of 7?
False
Is 14 a factor of 1158?
False
Is 7 a factor of 909?
False
Is 12657 a multiple of 153?
False
Does 3 divide 393?
True
Is 650 a multiple of 130?
True
Is 85140 a multiple of 33?
True
Is 15 a multiple of 3?
True
Is 1924 a multiple of 2?
True
Is 22496 a multiple of 37?
True
Is 21 a factor of 3234?
True
Does 71 divide 5237?
False
Is 2033 a multiple of 19?
True
Does 114 divide 42636?
True
Is 388 a multiple of 28?
False
Is 5 a factor of 1700?
True
Does 151 divide 28086?
True
Does 36 divide 2448?
True
Is 88560 a multiple of 82?
True
Does 72 divide 391?
False
Is 38 a factor of 760?
True
Does 24 divide 24?
True
Does 14 divide 826?
True
Is 200 a factor of 400?
True
Is 665 a multiple of 17?
False
Does 7 divide 490?
True
Does 81 divide 21222?
True
Is 8295 a multiple of 105?
True
Does 19 divide 22?
False
Is 16349 a multiple of 4?
False
Does 123 divide 17097?
True
Is 4168 a multiple of 8?
True
Is 1537 a multiple of 19?
False
Is 22 a factor of 26004?
True
Is 17 a factor of 343?
False
Does 24 divide 612?
False
Does 13 divide 12932?
False
Is 812 a multiple of 14?
True
Is 101 a factor of 2274?
False
Is 418 a multiple of 19?
True
Does 25 divide 793?
False
Is 166 a multiple of 3?
False
Is 16318 a multiple of 41?
True
Does 20 divide 26182?
False
Is 21 a factor of 5562?
False
Is 5305 a multiple of 39?
False
Is 9575 a multiple of 181?
False
Does 6 divide 52238?
False
Is 1744 a multiple of 16?
True
Is 173097 a multiple of 19?
False
Is 25 a factor of 7850?
True
Is 41 a factor of 1116?
False
Does 4 divide 375?
False
Is 61 a multiple of 2?
False
Is 60 a factor of 6780?
True
Is 457 a multiple of 2?
False
Is 53243 a multiple of 10?
False
Does 48 divide 7528?
False
Does 9 divide 2456?
False
Is 59 a multiple of 10?
False
Does 42 divide 91?
False
Is 1272 a multiple of 7?
False
Is 5652 a multiple of 36?
True
Does 13 divide 14157?
True
Is 23 a factor of 828?
True
Is 29 a factor of 5554?
False
Does 11 divide 2486?
True
Is 44 a multiple of 22?
True
Is 803 a multiple of 55?
False
Is 62 a factor of 53697?
False
Does 6 divide 180?
True
Is 149478 a multiple of 14?
True
Is 15 a factor of 2805?
True
Is 435 a multiple of 5?
True
Is 2266 a multiple of 72?
False
Is 50043 a multiple of 79?
False
Does 26 divide 30988?
False
Does 6 divide 303?
False
Is 100 a factor of 16400?
True
Is 34348 a multiple of 42?
False
Is 48 a factor of 781?
False
Is 328 a multiple of 5?
False
Does 20 divide 6550?
False
Is 41 a factor of 159?
False
Is 5276 a multiple of 13?
False
Is 2 a factor of 2519?
False
Is 12 a multiple of 9?
False
Does 26 divide 1742?
True
Does 93 divide 465?
True
Is 14 a factor of 294?
True
Is 3 a factor of 90?
True
Is 139 a factor of 10008?
True
Is 18 a factor of 13401?
False
Does 95 divide 3024?
False
Does 7 divide 11907?
True
Does 6 divide 23?
False
Does 18 divide 12495?
False
Does 18 divide 2773?
False
Does 13 divide 29393?
True
Is 23760 a multiple of 180?
True
Is 74448 a multiple of 16?
True
Is 10 a factor of 431?
False
Is 3520 a multiple of 40?
True
Is 180 a multiple of 30?
True
Does 18 divide 1098?
True
Is 8 a factor of 10080?
True
Is 4738 a multiple of 14?
False
Is 18 a factor of 2159?
False
Is 6 a factor of 174?
True
Is 20 a factor of 1160?
True
Is 594 a multiple of 27?
True
Is 221 a multiple of 17?
True
Is 4888 a multiple of 47?
True
Is 1320 a multiple of 66?
True
Does 2 divide 1747?
False
Is 4815 a multiple of 15?
True
Is 145 a multiple of 2?
False
Is 4 a factor of 2324?
True
Is 45 a multiple of 15?
True
Is 21478 a multiple of 41?
False
Is 3 a factor of 177?
True
Is 26 a factor of 48256?
True
Is 26 a factor of 1170?
True
Is 18018 a multiple of 39?
True
Is 2300 a multiple of 17?
False
Is 28 a factor of 616?
True
Is 38 a factor of 3040?
True
Is 14 a factor of 20146?
True
Is 13 a factor of 2704?
True
Does 54 divide 2916?
True
Is 19 a factor of 931?
True
Is 2500 a multiple of 10?
True
Is 2224 a multiple of 8?
True
Is 9803 a multiple of 11?
False
Is 21 a factor of 4054?
False
Is 2517 a multiple of 61?
False
Is 136 a multiple of 3?
False
Does 4 divide 604?
True
Is 22348 a multiple of 14?
False
Does 46 divide 1962?
False
Is 13 a factor of 871?
True
Is 20 a factor of 22853?
False
Does 8 divide 44541?
False
Is 104 a factor of 5275?
False
Is 99 a factor of 33088?
False
Does 21 divide 1729?
False
Does 19 divide 394?
False
Is 10 a factor of 51175?
False
Is 36 a multiple of 6?
True
Is 39304 a multiple of 68?
True
Is 168 a multiple of 14?
True
Is 374 a multiple of 3?
False
Does 67 divide 898?
False
Is 17840 a multiple of 8?
True
Does 124 divide 3117?
False
Is 593 a multiple of 5?
False
Is 151 a factor of 29143?
True
Is 131 a factor of 69692?
True
Is 68 a factor of 394?
False
Is 25 a factor of 2050?
True
Is 8 a factor of 2456?
True
Does 8 divide 432?
True
Does 10 divide 93300?
True
Is 13 a factor of 2236?
True
Is 774 a multiple of 9?
True
Does 13 divide 2429?
False
Is 88 a factor of 15845?
False
Is 760 a multiple of 38?
True
Is 14 a factor of 3080?
True
Does 11 divide 418?
True
Does 2 divide 249?
False
Is 5 a factor of 115?
True
Is 39 a factor of 48126?
True
Does 17 divide 22346?
False
Is 44 a factor of 7290?
False
Does 10 divide 180?
True
Is 20 a factor of 1293?
False
Is 9 a factor of 882?
True
Does 3 divide 1936?
False
Is 29 a factor of 58?
True
Is 60 a factor of 16020?
True
Does 13 divide 611?
True
Does 37 divide 8510?
True
Is 111 a factor of 3552?
True
Is 219 a multiple of 3?
True
Is 12 a factor of 27371?
False
Is 57 a factor of 2550?
False
Does 36 divide 5256?
True
Is 28 a factor of 1204?
True
Is 332 a factor of 62084?
True
Is 82 a factor of 23065?
False
Is 34 a factor of 140?
False
Is 10355 a multiple of 19?
True
Is 89 a multiple of 26?
False
Does 21 divide 841?
False
Is 3 a factor of 1580?
False
Is 1393 a multiple of 59?
False
Does 35 divide 4900?
True
Is 8 a factor of 1536?
True
Is 135 a factor of 3645?
True
Is 24 a factor of 29674?
False
Is 31 a factor of 8215?
True
Does 22 divide 1200?
False
Is 18 a factor of 127944?
True
Is 5615 a multiple of 2?
False
Is 15 a factor of 15305?
False
Does 17 divide 24310?
True
Is 327 a multiple of 25?
False
Is 1763 a multiple of 5?
False
Does 2 divide 249?
False
Is 588 a multiple of 42?
True
Does 10 divide 550?
True
Is 4938 a multiple of 25?
False
Is 13021 a multiple of 409?
False
Does 21 divide 315?
True
Is 7076 a multiple of 107?
False
Is 178 a factor of 8010?
True
Is 5 a factor of 482?
False
Does 16 divide 7174?
False
Is 18681 a multiple of 40?
False
Does 10 divide 21903?
False
Is 20 a factor of 1135?
False
Does 23 divide 3795?
True
Does 15 divide 117?
False
Is 13 a factor of 6318?
True
Does 8 divide 32?
True
Does 58 divide 5162?
True
Is 12 a factor of 1034?
False
Is 3288 a multiple of 6?
True
Is 5 a factor of 155?
True
Is 50 a factor of 13096?
False
Is 131 a multiple of 33?
False
Is 211 a factor of 7596?
True
Is 721 a multiple of 7?
True
Is 580 a multiple of 4?
True
Is 5304 a multiple of 8?
True
Is 2330 a multiple of 41?
False
Is 1053 a multiple of 81?
True
Is 6 a factor of 1554?
True
Does 24 divide 2184?
True
Is 10 a factor of 31144?
False
Is 3786 a multiple of 6?
True
Is 51 a factor of 6120?
True
Is 6 a factor of 9087?
False
Is 45 a factor of 1414?
False
Does 10 divide 5968?
False
Does 65 divide 69?
False
Does 298 divide 2265?
False
Is 14 a factor of 616?
True
Is 2149 a multiple of 19?
False
Is 30 a factor of 114?
False
Does 65 divide 3001?
False
Is 39 a factor of 702?
True
Is 79 a factor of